{"id":7,"date":"2018-10-13T01:53:52","date_gmt":"2018-10-13T01:53:52","guid":{"rendered":"https:\/\/demo.casethemes.net\/nimmo\/?page_id=7"},"modified":"2026-03-26T05:15:25","modified_gmt":"2026-03-26T05:15:25","slug":"home","status":"publish","type":"page","link":"https:\/\/wahl.fluewo.de\/","title":{"rendered":"Home WAHL"},"content":{"rendered":"<div class=\"wpb-content-wrapper\"><p>[vc_row el_id=&#8221;section-home&#8221; css=&#8221;.vc_custom_1709630498557{margin-top: 0px !important;padding-top: 0px !important;}&#8221;][vc_column]\n\t\t\t\t<p class=\"rs-p-wp-fix\"><\/p>\n\t\t\t\t<sr7-module data-alias=\"wahl\" data-id=\"9\" id=\"SR7_9_1\" class=\"rs-ov-hidden\" data-version=\"6.7.40\">\n\t\t\t\t\t<sr7-adjuster><\/sr7-adjuster>\n\t\t\t\t\t<sr7-content>\n\t\t\t\t\t\t<sr7-slide id=\"SR7_9_1-15\" data-key=\"15\">\n\t\t\t\t\t\t\t<sr7-bg id=\"SR7_9_1-15-16\" class=\"sr7-layer\"><noscript><img decoding=\"async\" src=\"https:\/\/wahl.fluewo.de\/wp-content\/uploads\/2026\/03\/hero.jpg\" alt=\"\" title=\"hero\"><\/noscript><\/sr7-bg>\n\t\t\t\t\t\t\t<sr7-txt id=\"SR7_9_1-15-11\" class=\"sr7-layer\">Als Mitglied der FL\u00dcWO \u00fcbernehmen Sie Verantwortung innerhalb <br \/>der Genossenschaft und machen bei der Vertreterwahl 2027 aktiv mit. <\/sr7-txt>\n\t\t\t\t\t\t\t<sr7-txt id=\"SR7_9_1-15-13\" class=\"sr7-layer\">\t\t\t\t\t\t\t\n\t\t\t\t\t\t\t<span>\n\t\t\t\t\t\t\t<\/span>\t\t\t\t\t\t\t\n\t\t\t\t\t\t<\/sr7-txt>\n\t\t\t\t\t\t\t<sr7-txt id=\"SR7_9_1-15-15\" class=\"sr7-layer\">Engagement im Wahlvorstand<\/sr7-txt>\n\t\t\t\t\t\t<\/sr7-slide>\n\t\t\t\t\t\t<sr7-slide id=\"SR7_9_1-24\" data-key=\"24\">\n\t\t\t\t\t\t<\/sr7-slide>\n\t\t\t\t\t<\/sr7-content>\n\t\t\t\t\t<image_lists style=\"display:none\">\n\t\t\t\t\t\t<img data-src=\"\/\/wahl.fluewo.de\/wp-content\/uploads\/2026\/03\/hero.jpg\" data-libid=\"1725\" data-lib=\"medialibrary\" title=\"hero\" width=\"0\" height=\"0\" data-dbsrc=\"Ly93YWhsLmZsdWV3by5kZS93cC1jb250ZW50L3VwbG9hZHMvMjAyNi8wMy9oZXJvLmpwZw==\"\/>\n\t\t\t\t\t<\/image_lists>\n\t\t\t\t<\/sr7-module>\n\t\t\t\t<script>\n\t\t\t\t\tSR7.PMH ??={}; SR7.PMH[\"SR7_9_1\"] = {cn:100,state:false,fn: function() { if (_tpt!==undefined && _tpt.prepareModuleHeight !== undefined) {  _tpt.prepareModuleHeight({id:\"SR7_9_1\",el:[710,710,710,640,360],type:'hero',shdw:'0',gh:[710,710,710,640,360],gw:[1920,1920,1600,778,480],vpt:['-100px&#039;,&#039;-100px&#039;,&#039;-100px&#039;,&#039;-100px&#039;,&#039;-100px'],size:{fullWidth:true, fullHeight:false},mh:'0',onh:0,onw:0,bg:{color:'{\"orig\":\"transparent\",\"type\":\"solid\",\"string\":\"transparent\"}'}});   SR7.PMH[\"SR7_9_1\"].state=true;} else if(SR7.PMH[\"SR7_9_1\"].cn-->0)\tsetTimeout( SR7.PMH[\"SR7_9_1\"].fn,19);}};SR7.PMH[\"SR7_9_1\" ].fn();\n\t\t\t\t<\/script>\n[\/vc_column][\/vc_row][vc_row][vc_column ct_column_class=&#8221;rm-padding-md&#8221; css=&#8221;.vc_custom_1540021731938{padding-top: 0px !important;padding-right: 0px !important;}&#8221; offset=&#8221;vc_col-lg-5 vc_col-md-5&#8243;][ct_space space_lg=&#8221;112&#8243; space_md=&#8221;60&#8243; space_sm=&#8221;60&#8243; space_xs=&#8221;60&#8243;][ct_heading text=&#8221;Die Vertreterversammlung&#8221; font_size=&#8221;30&#8243; font_size_md=&#8221;26&#8243; font_size_sm=&#8221;18&#8243; font_size_xs=&#8221;18&#8243; font_weight=&#8221;&#8221; custom_fonts=&#8221;true&#8221; google_fonts=&#8221;font_family:Lato%3A100%2C100italic%2C300%2C300italic%2Cregular%2Citalic%2C700%2C700italic%2C900%2C900italic|font_style:900%20bold%20regular%3A900%3Anormal&#8221; subtitle=&#8221;Vertreterwahl und Mitbestimmung&#8221; font_weight_sub=&#8221;&#8221; description=&#8221;Unsere Mitglieder w\u00e4hlen alle f\u00fcnf Jahre ihre Vertreter in der Vertreterversammlung.<br \/>\nDie Vertreterversammlung ist das h\u00f6chste Organ unserer Genossenschaft, vertritt die Interessen der Mitglieder und \u00fcbernimmt Verantwortung im Rahmen der bestehenden Mitwirkungs- und Mitbestimmungsm\u00f6glichkeiten.&#8221; typingout=&#8221;&#8220;\u00fcbernimmt Verantwortung im Rahmen der bestehenden Mitwirkungs- und Mitbestimmungsm\u00f6glichkeiten&#8220;, &#8220;vertritt die Interessen der Mitglieder im Rahmen der bestehenden Mitwirkungs- und Mitbestimmungsm\u00f6glichkeiten&#8220;&#8221;][ct_space space_lg=&#8221;90&#8243; space_md=&#8221;60&#8243; space_sm=&#8221;50&#8243; space_xs=&#8221;50&#8243;][\/vc_column][vc_column ct_column_class=&#8221;rm-padding-md&#8221; css=&#8221;.vc_custom_1774362215073{padding-top: 20px !important;padding-bottom: 20px !important;padding-left: 100px !important;}&#8221; offset=&#8221;vc_col-lg-7 vc_col-md-7&#8243;][vc_single_image image=&#8221;1753&#8243; img_size=&#8221;full&#8221; alignment=&#8221;right&#8221; css_animation=&#8221;fadeInRight&#8221; css=&#8221;.vc_custom_1774362152831{margin-bottom: 0px !important;padding-bottom: 0px !important;}&#8221;][\/vc_column][\/vc_row][vc_row full_width=&#8221;stretch_row_content_no_spaces&#8221; css=&#8221;.vc_custom_1541777166446{padding-top: 120px !important;background-color: #f4f7fc !important;}&#8221;][vc_column css=&#8221;.vc_custom_1539747466925{padding-top: 0px !important;}&#8221;][vc_row_inner][vc_column_inner width=&#8221;1\/12&#8243;][\/vc_column_inner][vc_column_inner width=&#8221;5\/6&#8243;][ct_heading text=&#8221;Wahl des Wahlvorstands&#8221; text_below=&#8221;25. Juni 2026&#8243; align_lg=&#8221;align-center&#8221; align_md=&#8221;align-center-md&#8221; align_sm=&#8221;align-center-sm&#8221; align_xs=&#8221;align-center-xs&#8221; font_size=&#8221;38&#8243; font_size_md=&#8221;36&#8243; font_size_sm=&#8221;32&#8243; font_size_xs=&#8221;32&#8243; font_weight=&#8221;&#8221; custom_fonts=&#8221;true&#8221; google_fonts=&#8221;font_family:Lato%3A100%2C100italic%2C300%2C300italic%2Cregular%2Citalic%2C700%2C700italic%2C900%2C900italic|font_style:900%20bold%20regular%3A900%3Anormal&#8221; subtitle=&#8221;Vertreterwahl 2027&#8243; font_weight_sub=&#8221;&#8221;][vc_column_text css=&#8221;&#8221;]<\/p>\n<p style=\"text-align: center;\">Zur Wahrung der Interessen der Mitglieder ist f\u00fcr jede Vertreterwahl zuvor ein Wahlvorstand zu w\u00e4hlen.<br \/>\nDiese Wahl findet im Rahmen der kommenden Vertreterversammlung am 25. Juni 2026 statt.<\/p>\n<p style=\"text-align: center;\">Die Aufgabe des Wahlvorstandes ist die Begleitung und \u00dcberwachung der n\u00e4chsten Vertreterwahl 2027. Der Wahlvorstand wird zur Vorbereitung und Durchf\u00fchrung der Wahl von Vertretern und Ersatzvertretern zur Vertreterversammlung sowie f\u00fcr alle damit zusammenh\u00e4ngenden Entscheidungen bestellt. Dies reicht von der Wahlbekanntmachung \u00fcber die Zusammenstellung der Wahlvorschl\u00e4ge, die Erstellung der Wahlunterlagen, die Ausz\u00e4hlung der Stimmen bis zur Feststellung und Bekanntgabe des Wahlergebnisses. Dazu wird der Wahlvorstand voraussichtlich bis zu sieben Mal zusammenkommen.<\/p>\n<p style=\"text-align: center;\">Dem zu w\u00e4hlenden Wahlvorstand geh\u00f6ren ein Mitglied des Aufsichtsrats, ein Mitglied des Vorstands sowie drei Mitglieder der Genossenschaft an.<\/p>\n<p>[\/vc_column_text][vc_empty_space height=&#8221;40px&#8221;][\/vc_column_inner][vc_column_inner width=&#8221;1\/12&#8243;][\/vc_column_inner][\/vc_row_inner][vc_row_inner row_border_box=&#8221;row-boxed&#8221;][vc_column_inner css=&#8221;.vc_custom_1541758209109{padding-top: 0px !important;}&#8221;][ct_process ct_process_list=&#8221;%5B%7B%22title%22%3A%22Wahlbekanntmachung%22%2C%22icon_type%22%3A%22icon%22%2C%22icon_list%22%3A%22fontawesome%22%2C%22icon_fontawesome%22%3A%22fa%20fa-solid%20fa-bullhorn%22%7D%2C%7B%22title%22%3A%22Wahlvorschl%C3%A4ge%20zusammenstellen%22%2C%22icon_type%22%3A%22icon%22%2C%22icon_list%22%3A%22fontawesome%22%2C%22icon_fontawesome%22%3A%22fa%20fa-solid%20fa-users%22%2C%22icon_flaticon%22%3A%22flaticon-aeroplane%22%7D%2C%7B%22title%22%3A%22Wahlunterlagen%20erstellen%22%2C%22icon_type%22%3A%22icon%22%2C%22icon_list%22%3A%22fontawesome%22%2C%22icon_fontawesome%22%3A%22fa%20fa-solid%20fa-file%22%2C%22icon_flaticon%22%3A%22flaticon-aeroplane%22%7D%2C%7B%22title%22%3A%22Stimmen%20ausz%C3%A4hlen%22%2C%22icon_type%22%3A%22icon%22%2C%22icon_list%22%3A%22fontawesome%22%2C%22icon_fontawesome%22%3A%22fa%20fa-solid%20fa-check%22%2C%22icon_flaticon%22%3A%22flaticon-aeroplane%22%7D%2C%7B%22title%22%3A%22Wahlergebnis%20feststellen%22%2C%22icon_type%22%3A%22icon%22%2C%22icon_list%22%3A%22fontawesome%22%2C%22icon_fontawesome%22%3A%22fa%20fa-solid%20fa-list%22%2C%22icon_flaticon%22%3A%22flaticon-aeroplane%22%7D%5D&#8221; title_color=&#8221;#1D2F46&#8243;][ct_space space_lg=&#8221;60&#8243; space_md=&#8221;60&#8243; space_sm=&#8221;35&#8243; space_xs=&#8221;35&#8243;][ct_fancybox cms_template=&#8221;ct_fancybox&#8211;layout2.php&#8221; title_color=&#8221;#7352E3&#8243; icon_fontawesome=&#8221;fa fa-solid fa-info&#8221; title=&#8221;Wichtig und zu beachten:<br \/>\nMitglieder, die sich f\u00fcr den Wahlvorstand bewerben, k\u00f6nnen sich nicht zugleich<br \/>\nals Kandidaten f\u00fcr das Vertreteramt aufstellen lassen.&#8221; title_font_size=&#8221;24&#8243; icon_font_size=&#8221;64&#8243;][ct_space space_lg=&#8221;80&#8243; space_md=&#8221;80&#8243; space_sm=&#8221;45&#8243; space_xs=&#8221;45&#8243;][\/vc_column_inner][\/vc_row_inner][\/vc_column][\/vc_row][vc_row full_width=&#8221;stretch_row&#8221; el_id=&#8221;contact&#8221; css=&#8221;.vc_custom_1774366411856{margin-top: 80px !important;}&#8221;][vc_column width=&#8221;1\/2&#8243; css=&#8221;.vc_custom_1774415565869{padding-top: 30px !important;padding-bottom: 120px !important;}&#8221;][ct_heading text=&#8221;Interesse an der Mitarbeit?&#8221; font_size=&#8221;32&#8243; font_size_md=&#8221;32&#8243; font_size_sm=&#8221;32&#8243; font_size_xs=&#8221;32&#8243; font_weight=&#8221;&#8221; custom_fonts=&#8221;true&#8221; google_fonts=&#8221;font_family:Lato%3A100%2C100italic%2C300%2C300italic%2Cregular%2Citalic%2C700%2C700italic%2C900%2C900italic|font_style:900%20bold%20regular%3A900%3Anormal&#8221; font_weight_sub=&#8221;&#8221; margin_bottom=&#8221;18&#8243;][vc_column_text css=&#8221;.vc_custom_1774418065748{margin-bottom: 15px !important;}&#8221;]Wenn wir Ihr Interesse geweckt haben, Sie pers\u00f6nlich Mitglied der Genossenschaft sind und Freude an einer T\u00e4tigkeit im Wahlvorstand haben k\u00f6nnten, freuen wir uns auf Ihre Kandidatur.<\/p>\n<p><strong>Bitte f\u00fcllen Sie das Kontaktformular aus und reichen Sie Ihre Bewerbung bis zum 3. Mai 2026 ein.<\/strong><\/p>\n<p>Alternativ k\u00f6nnen Sie sich auch schriftlich oder per E-Mail bewerben:[\/vc_column_text][vc_raw_html css=&#8221;&#8221;]JTNDcCUzRSUwQSUyMCUyMCUzQ2klMjBjbGFzcyUzRCUyMmZhJTIwZmEtZW52ZWxvcGUlMjIlMjBzdHlsZSUzRCUyMmNvbG9yJTNBJTIzNzM1MmUzJTNCJTIwZm9udC1zaXplJTNBMjJweCUzQiUyMHdpZHRoJTNBMjJweCUzQiUyMG1hcmdpbi1yaWdodCUzQTVweCUzQiUyMiUzRSUzQyUyRmklM0UlMEElMjAlMjAlM0NhJTIwaHJlZiUzRCUyMm1haWx0byUzQXdhaGwlNDBmbHVld28uZGUlMjIlM0V3YWhsJTQwZmx1ZXdvLmRlJTNDJTJGYSUzRSUwQSUzQyUyRnAlM0UlMEElMEElM0NwJTNFJTBBJTIwJTIwJTNDaSUyMGNsYXNzJTNEJTIyZmElMjBmYS1tYXAtbWFya2VyJTIyJTIwc3R5bGUlM0QlMjJjb2xvciUzQSUyMzczNTJlMyUzQiUyMGZvbnQtc2l6ZSUzQTIycHglM0IlMjB3aWR0aCUzQTIycHglM0IlMjBtYXJnaW4tcmlnaHQlM0E1cHglM0IlMjIlM0UlM0MlMkZpJTNFJTBBJTIwJTIwRkwlQzMlOUNXTyUyMEJhdWVuJTIwV29obmVuJTIwZUclMkMlMjBMJUMzJUI2ZmZlbHN0ci4lMjAyMiVFMiU4MCU5MzI0JTJDJTIwNzA1OTclMjBTdHV0dGdhcnQlMEElM0MlMkZwJTNF[\/vc_raw_html][\/vc_column][vc_column width=&#8221;1\/2&#8243;][ct_contact_form id=&#8221;185&#8243;][\/vc_column][\/vc_row][vc_row full_width=&#8221;stretch_row_content_no_spaces&#8221; css=&#8221;.vc_custom_1774424245734{margin-top: 50px !important;background-color: #1C2E45 !important;}&#8221;][vc_column][vc_raw_html css=&#8221;&#8221;]JTNDcCUyMHN0eWxlJTNEJTIydGV4dC1hbGlnbiUzQSUyMGNlbnRlciUzQiUyMGNvbG9yJTNBJTIzZmZmZmZmJTNCJTIyJTNFJTBBJTIwJTIwJUMyJUE5JTIwRkwlQzMlOUNXTyUyMEJhdWVuJTIwV29obmVuJTIwZUclMjAlN0MlMjAlMEElMjAlMjAlM0NhJTIwaHJlZiUzRCUyMmh0dHBzJTNBJTJGJTJGd3d3LmZsdWV3by5kZSUyRmltcHJlc3N1bSUyRiUyMiUyMHRhcmdldCUzRCUyMl9ibGFuayUyMiUyMHJlbCUzRCUyMm5vb3BlbmVyJTIyJTBBJTIwJTIwJTIwJTIwJTIwc3R5bGUlM0QlMjJjb2xvciUzQSUyMzczNTJlMyUzQiUyMHRleHQtZGVjb3JhdGlvbiUzQW5vbmUlM0IlMjIlMEElMjAlMjAlMjAlMjAlMjBvbm1vdXNlb3ZlciUzRCUyMnRoaXMuc3R5bGUuY29sb3IlM0QlMjclMjNmZmZmZmYlMjclMjIlMEElMjAlMjAlMjAlMjAlMjBvbm1vdXNlb3V0JTNEJTIydGhpcy5zdHlsZS5jb2xvciUzRCUyNyUyMzczNTJlMyUyNyUyMiUzRSUwQSUyMCUyMCUyMCUyMCUyMEltcHJlc3N1bSUwQSUyMCUyMCUzQyUyRmElM0UlMjAlMEElMjAlMjAtJTIwJTBBJTIwJTIwJTNDYSUyMGhyZWYlM0QlMjJodHRwcyUzQSUyRiUyRnd3dy5mbHVld28uZGUlMkZkYXRlbnNjaHV0eiUyRiUyMiUyMHRhcmdldCUzRCUyMl9ibGFuayUyMiUyMHJlbCUzRCUyMm5vb3BlbmVyJTIyJTBBJTIwJTIwJTIwJTIwJTIwc3R5bGUlM0QlMjJjb2xvciUzQSUyMzczNTJlMyUzQiUyMHRleHQtZGVjb3JhdGlvbiUzQW5vbmUlM0IlMjIlMEElMjAlMjAlMjAlMjAlMjBvbm1vdXNlb3ZlciUzRCUyMnRoaXMuc3R5bGUuY29sb3IlM0QlMjclMjNmZmZmZmYlMjclMjIlMEElMjAlMjAlMjAlMjAlMjBvbm1vdXNlb3V0JTNEJTIydGhpcy5zdHlsZS5jb2xvciUzRCUyNyUyMzczNTJlMyUyNyUyMiUzRSUwQSUyMCUyMCUyMCUyMCUyMERhdGVuc2NodXR6JTBBJTIwJTIwJTNDJTJGYSUzRSUwQSUzQyUyRnAlM0U=[\/vc_raw_html][\/vc_column][\/vc_row]<\/p>\n<\/div>","protected":false},"excerpt":{"rendered":"<p>[vc_row el_id=&#8221;section-home&#8221; css=&#8221;.vc_custom_1709630498557{margin-top: 0px !important;padding-top: 0px !important;}&#8221;][vc_column][\/vc_column][\/vc_row][vc_row][vc_column ct_column_class=&#8221;rm-padding-md&#8221; css=&#8221;.vc_custom_1540021731938{padding-top: 0px !important;padding-right: 0px !important;}&#8221; offset=&#8221;vc_col-lg-5 vc_col-md-5&#8243;][ct_space space_lg=&#8221;112&#8243; space_md=&#8221;60&#8243; space_sm=&#8221;60&#8243; space_xs=&#8221;60&#8243;][ct_heading text=&#8221;Die Vertreterversammlung&#8221; font_size=&#8221;30&#8243; font_size_md=&#8221;26&#8243; font_size_sm=&#8221;18&#8243; font_size_xs=&#8221;18&#8243; font_weight=&#8221;&#8221; custom_fonts=&#8221;true&#8221; google_fonts=&#8221;font_family:Lato%3A100%2C100italic%2C300%2C300italic%2Cregular%2Citalic%2C700%2C700italic%2C900%2C900italic|font_style:900%20bold%20regular%3A900%3Anormal&#8221; subtitle=&#8221;Vertreterwahl und Mitbestimmung&#8221; font_weight_sub=&#8221;&#8221; description=&#8221;Unsere Mitglieder w\u00e4hlen alle f\u00fcnf Jahre ihre Vertreter in der Vertreterversammlung. Die Vertreterversammlung ist das h\u00f6chste Organ unserer Genossenschaft, vertritt die Interessen der [&hellip;]<\/p>\n","protected":false},"author":1,"featured_media":0,"parent":0,"menu_order":0,"comment_status":"closed","ping_status":"closed","template":"","meta":{"footnotes":""},"class_list":["post-7","page","type-page","status-publish","hentry"],"_links":{"self":[{"href":"https:\/\/wahl.fluewo.de\/index.php\/wp-json\/wp\/v2\/pages\/7","targetHints":{"allow":["GET"]}}],"collection":[{"href":"https:\/\/wahl.fluewo.de\/index.php\/wp-json\/wp\/v2\/pages"}],"about":[{"href":"https:\/\/wahl.fluewo.de\/index.php\/wp-json\/wp\/v2\/types\/page"}],"author":[{"embeddable":true,"href":"https:\/\/wahl.fluewo.de\/index.php\/wp-json\/wp\/v2\/users\/1"}],"replies":[{"embeddable":true,"href":"https:\/\/wahl.fluewo.de\/index.php\/wp-json\/wp\/v2\/comments?post=7"}],"version-history":[{"count":130,"href":"https:\/\/wahl.fluewo.de\/index.php\/wp-json\/wp\/v2\/pages\/7\/revisions"}],"predecessor-version":[{"id":1903,"href":"https:\/\/wahl.fluewo.de\/index.php\/wp-json\/wp\/v2\/pages\/7\/revisions\/1903"}],"wp:attachment":[{"href":"https:\/\/wahl.fluewo.de\/index.php\/wp-json\/wp\/v2\/media?parent=7"}],"curies":[{"name":"wp","href":"https:\/\/api.w.org\/{rel}","templated":true}]}}